**2 - 3*r - 1. What is m(a)?
6
Let f(s) = s**3 - 34*s**2 + 2*s - 67. Let g be (10/(-2) - -10) + 29. Let x be f(g). Let n(p) = 10*p - 1. Give n(x).
9
Let p = 10473 - 10469. Let f(i) = i**3 + i**2 - 2*i + 1. Give f(p).
73
Suppose -4 = -5*f + 16. Let g(o) = -f + 3 - 1 + o. Suppose 626*y - 627*y - 6 = 3*t, 0 = 3*y - 4*t + 5. Calculate g(y).
-5
Let m(d) = -d + 9. Let l be m(8). Suppose -2*p = -g - 4*p - l, 0 = 2*p + 2. Let b(i) be the first derivative of -3*i**2/2 - 167. Determine b(g).
-3
Let a = -553 - -775. Let p = a + -219. Let t(x) = -x**3 + 3*x**2 - 2*x + 2. Calculate t(p).
-4
Suppose 5*o = 4*i - 110, 3*i = -34*o + 29*o - 75. Let m be (-98)/(-6) - (-2)/3. Let u = o + m. Let s(l) = 14*l**3 + l**2 + 2*l + 1. What is s(u)?
-14
Let i(d) = -5*d**3 - 9*d - 7 - 8*d**2 - 2*d**3 + 18*d**3 - 6*d**3 - 4*d**3. Calculate i(7).
-119
Let w(v) = -v**3 + 4*v**2 - 3*v - 1. Let j(z) = z**3 - z**2 - 12*z + 4. Let s(u) = u**3 + 24*u**2 + 19*u - 92. Let i be s(-23). Let m be j(i). Calculate w(m).
-13
Let p(h) = 17*h - 4. Let q(w) = 41*w - 11. Let i(x) = 5*p(x) - 2*q(x). Give i(0).
2
Let n = -62 + 74. Suppose 4*u - n = -16. Let q(z) = -15*z - 1. Give q(u).
14
Let q = -89 - 13. Let u = q - -50. Let i = -46 - u. Let n(c) = -c + 11. What is n(i)?
5
Let q(z) = 11*z**2 + 352 - 150 - 6*z - 209. What is q(-2)?
49
Let u(z) = 12*z + 53. Let l be u(-4). Suppose 2*x + 7*n - 6*n + 1 = 0, -l*n - 5 = 0. Let b(y) = 0 + 7 + 2*y - y. Determine b(x).
7
Suppose 43*n + 3170 + 4226 = 0. Let k = n + 180. Let p(u) = -2*u**2 + 17*u - 2. Calculate p(k).
6
Let v(n) = 8*n**3 + 40*n**2 + 31*n - 27. Let w(f) = 9*f**3 + 44*f**2 + 34*f - 29. Let j(z) = 8*v(z) - 7*w(z). What is j(-11)?
-2
Suppose 2*s + 2*j + 18 = 24, 2*j = 4*s - 36. Let c(g) = 2*g**3 - 12*g**2 - 14*g + 3. Give c(s).
3
Suppose -3*p = -8*p + 10. Suppose 40 = 5*n + 5*m, 5*n + 36*m = 39*m + 40. Let o(k) = p - 5*k + 0*k**2 + 3*k**2 + n*k. Calculate o(-2).
8
Let u(c) be the second derivative of 0*c**3 + 3/2*c**4 - 22*c + 0 + 1/720*c**6 - 1/120*c**5 + 0*c**2. Let o(p) be the third derivative of u(p). What is o(4)?
3
Let d(z) = 3*z**2 + 2*z - 1. Suppose 20*f + 34809 = 34709. Calculate d(f).
64
Let j = -353 + 358. Let d(k) = -k - 5. Let v(x) = 3*x + 14. Let y(i) = -11*d(i) - 4*v(i). What is y(j)?
-6
Suppose 0 = 2*b + 3*t - 7*t + 116, 3*b - 2*t = -162. Let w be 3/((-12)/b) - -1. Let x(c) = 15 - 36 + 15 + 2*c + w. Give x(-7).
-6
Let l(f) be the second derivative of 2*f**3 + 4*f**2 + 5764*f. What is l(5)?
68
Let i(a) = -9*a + 9*a**2 - 31*a**2 + 11*a**2 - 1 - 3 + 12*a**2. Determine i(5).
-24
Let j(d) = -25*d + 136. Let c(x) = 5*x - 27. Let o(b) = -11*c(b) - 2*j(b). Let y = 4661 - 4655. What is o(y)?
-5
Let g(d) = 16*d + 274 - 66 - 226. Give g(-9).
-162
Let v be -1 + (1/(-1) - 3). Let h(w) be the second derivative of 5*w + 3 + 1/2*w**2 + 1/6*w**3. What is h(v)?
-4
Let m(w) be the second derivative of w**4/12 - 13*w**3/6 - 3*w**2 - 2*w + 18. Let x be m(-6). Suppose 27*q = 18*q + x. Let h(i) = -i**2 + 11*i + 12. Give h(q).
0
Let y(h) = h**3 - 11*h**2 - 8*h - 3. Let b be -11 + 6 + -5 - (-9 + -13). Give y(b).
45
Let s(p) = p**2 + 14*p - 69. Suppose -113 = 5*l + 4*h, -3*l - 4*h + 31 = 102. Let i be s(l). Let m(c) = -c**2 + 39*c - 12 - i*c + 49*c. Give m(9).
-3
Let p(q) = 30*q**2 + 8*q + 14. Let h(b) = 10*b**2 + 3*b + 5. Let n(l) = 20*h(l) - 7*p(l). Give n(2).
-30
Let l(r) be the second derivative of 0 + 6*r - 1/20*r**5 - 5/3*r**3 - 5*r**2 - 2/3*r**4. Let p(n) = n**2 + 7*n - 1. Let k be p(-6). What is l(k)?
11
Let p(h) = -7*h**2 + h - 1. Suppose -u + d - 130 = 0, 0 = -6*d + d - 15. Let v be (-2)/(-9) + u/(-171). Determine p(v).
-7
Suppose -5*a - 168 = -38. Let r = -25 - a. Let z(l) = -4 - 1 + r - l + 3. Determine z(4).
-5
Let r(v) = 3*v + 37 - 14 - 13 - 15. Let p(w) = -6*w + 4*w + w. Let l(d) = 2*p(d) + r(d). Determine l(4).
-1
Suppose 3*w + 0*t - 8*t - 15 = 0, -2*w - 5*t - 52 = 0. Let p(r) = -r**2 - 28*r - 37. Calculate p(w).
150
Let g(c) = -c**3 - c**2 - 2*c - 1. Let y be g(0). Let i(d) = -3*d**3 + 11*d**2 - 2. Let s(b) = -2*b**3 - b + 1. Let p(f) = y*s(f) + i(f). Calculate p(11).
8
Let s(y) be the first derivative of 5*y**2/2 - 13*y + 8. Let x(w) = -w + 2. Let o(a) = -2*s(a) - 11*x(a). Determine o(-4).
0
Let o(q) = 27*q**2 + 144*q + 43. Let w be o(-5). Let u(x) = 18*x**2 + 10*x + 16. What is u(w)?
68
Let k be ((75/10)/3)/((-1)/2). Let f(c) be the second derivative of -c**5/20 - c**4/2 + 3*c**2/2 + 99*c + 2. Give f(k).
-22
Let b(o) = -6*o - 19. Let k be b(-4). Suppose -5*m + 0*m = -2*x + 18, 0 = k*m + 20. Let t(s) = 3*s**3 - 2*s - 1. What is t(x)?
-2
Suppose 358 = -98*p - 328. Let z(c) = -2*c - 7*c - 20 - c**2 + 4. Let g be z(p). Let a(s) = s + 2. Give a(g).
0
Let q(j) = j**2 - 29*j + 65. Let n(s) = -2*s**3 - 5*s**2 - 32*s - 78. Let t be n(-3). What is q(t)?
11
Let l(f) = -f**2 + 18*f + 17. Suppose 2*a - 4*o + 7 - 73 = 0, -5*o = -a + 57. Calculate l(a).
34
Let l = 3707 - 3696. Let c(q) = q**3 - 11*q**2 - 2*q + 6. Give c(l).
-16
Let f = -10 - -12. Let m(p) = -8*p**2 - 4*p - 11 + 4 - f. Let k(v) = v**2 + 1. Let i(w) = 5*k(w) + m(w). What is i(-3)?
-19
Suppose 13*i - 160 = 29*i. Let o be (-15)/i*44/(-6) - -4. Let n(j) = j**2 + 3*j - 2. Determine n(o).
26
Let f(s) = s**3 + 2*s**2 + 2*s - 1. Let k be (-9)/2*(-8)/18. Let d(r) = r**2 + 14. Let p be d(7). Let j be k/(-8) + p/(-36). Determine f(j).
-5
Suppose 2*a = -2*g - 194, 3*g + a - 4*a = -321. Let f = -100 - g. Let c(w) = 4*w**3 + 0 - 5*w - 3*w**3 + 0*w**3 - 1 - 5*w**f. Determine c(6).
5
Suppose 2*y - 6*y = -60. Let o(t) = 6*t + 1 - y*t - 15*t. Let p(i) = i**3 - 39*i**2 + 75*i - 36. Let h be p(37). Determine o(h).
-23
Let w(c) = -c + 12. Let b be w(7). Let u(i) = 4*i**2 + b*i**2 - i + 2*i. Suppose 0 = g + 659*r - 657*r - 11, -5 = -r. Calculate u(g).
10
Let n = 18 + 46. Let u(f) = -4 + n*f - 21*f - 17*f - 22*f. What is u(4)?
12
Suppose -16 = -j - 2*u, j + 28 = 4*j + 2*u. Suppose -10*q = -j*q + 12, 0 = n - 2*q - 4. Let k(h) = -3*h**2 - h + 2. Give k(n).
-8
Let b(z) be the third derivative of z**5/30 + 5*z**4/8 + 8*z**3/3 + 7*z**2 + 2. Determine b(-7).
9
Let v(q) be the third derivative of q**5/20 + 5*q**4/3 - 10*q**3/3 - 348*q**2 + q. What is v(-15)?
55
Let a(d) be the third derivative of 105*d**2 - 1/24*d**4 + 0*d + 0 - 2*d**3. Determine a(0).
-12
Let b(l) = -l**3 - 3*l**2 - 32. Let n be 10/(-4)*390/195. Determine b(n).
18
Let d(i) = 66*i**2 + 62*i**2 + 69*i**2 - 210*i**2 + 3*i - 4*i. What is d(1)?
-14
Suppose -4*m + 3*s = 4*s - 7, 0 = -4*m - 2*s + 2. Let g(t) = 1 - 5 - 10*t + m. Suppose -19*b - 59 + 40 = 0. What is g(b)?
9
Let q(i) = -i**2 + 1. Let y(g) = -g**2 - 8*g + 6. Let j be y(-8). Let b(k) = 20783*k**2 + 0*k + 7*k - 20784*k**2 - 9 + 0*k. Let r be b(j). What is q(r)?
-8
Let j = 41 - 40. Let g be (j - 4)/((-2)/(8/6)). Let z(r) = 0 - r**2 + 6 + 5*r - g*r - 2*r. Calculate z(0).
6
Let f(l) = -7*l**3 + 2*l**2 + 5*l - 23. Let m(v) = -v**3 - v**2 + 2*v - 3. Let u(k) = -f(k) + 6*m(k). Determine u(7).
5
Let q(z) = -z - 73. Let n be q(-24). Let w(k) = k**3 + 50*k**2 + 49*k + 5. Let v be w(n). Let y(l) = -5*l + 12. Give y(v).
-13
Suppose 16*h - 2*s = 15*h + 11, h + 1 = 5*s. Let x(i) = -i**2 + 20*i - 19. Give x(h).
0
Let h(r) = -967*r - 8 - r**2 + 1924*r - 19 - 969*r. What is h(-10)?
-7
Suppose -11*i = 53 - 86. Let m(l) = -15*l + 38. Let p(f) = 8*f - 21. Let b(r) = 3*m(r) + 5*p(r). What is b(i)?
-6
Let b(g) = -11*g + 5. Let f = 2018 - 2017. Determine b(f).
-6
Let n be (-3 - -5)/((-2)/11). Let p(h) = h**2 + 13*h + 26. Let u be p(n). Let k(a) = -u*a**2 - 6 + 8*a + 3*a**2 - 6*a**2 + a**3. Determine k(6).
6
Let s = 82738 - 82742. Let m(t) = t**2 + 1. Let j(w) = -4*w**2 + 4*w - 2. Let n(k) = j(k) + 2*m(k). Calculate n(s).
-48
Let p(z) = z - 24. Let h = 251 - 245. Let r(j) = -j + 22. Let y(l) = h*p(l) + 7*r(l). Determine y(6).
4
Let d(q) = 121 - 42 + 175*q - 190*q + 0*q**2 - 65 - 2*q**2. Calculate d(-8).
6
Let f(q) be the first derivative of -202 + q - 5/2*q**4 + 1/3*q**3 + q**2. Determine f(-1).
10
Let v be (3/(-6))/((-2)/32). Let m(g) = 9*g - 36. Let l(b) = b - 4. Let a(r) = 10*l(r) - m(r). Calculate a(v).
4
Let s(u) = u**3 - 5*u**2 - 8*u + 5. Suppose 3*w = -m - 4, 0 - 8 = -5*m - w. Suppose m*j - 20 = -4*r, -4*r = -3*r - 5*j - 16. Calculate s(r).
-7
Let z(u) = 2*u - 52. Let s be 28 - (-3)/(54/(-4))*(28 - 1